{"id":341,"date":"2016-03-15T14:31:38","date_gmt":"2016-03-15T14:31:38","guid":{"rendered":"https:\/\/okthemes.com\/villenoirdarkdemo\/?page_id=341"},"modified":"2022-12-05T11:22:25","modified_gmt":"2022-12-05T11:22:25","slug":"nuestra-historia","status":"publish","type":"page","link":"https:\/\/www.granviu.com\/main\/nuestra-historia\/","title":{"rendered":"Nuestra historia"},"content":{"rendered":"<p>[vc_row full_width=\u00bbstretch_row\u00bb css_animation=\u00bb\u00bb css=\u00bb.vc_custom_1669909276519{padding-top: 120px !important;background: #e5b650 url(https:\/\/okthemes.com\/villenoirdarkdemo\/wp-content\/uploads\/2021\/11\/our-story-back-image-dark-v2.jpg?id=2480) !important;background-position: center !important;background-repeat: no-repeat !important;background-size: cover !important;}\u00bb el_class=\u00bbgg-force-background-bottom\u00bb][vc_column width=\u00bb1\/2&#8243; css_animation=\u00bb\u00bb]\n\t<div class=\"title-subtitle-box  vc_custom_1669936089481\" style=\" padding: 90px 0 0 0px; text-align: center;\">\n\t\t<p  style=\"\">Origen<\/p>\n\t\t<h4 style=\" color:#ededed;  font-style: normal;\">El origen de la bodega se remonta al siglo XVIII. Aunque la tradici\u00f3n vitivin\u00edcola es anterior, es en 1760 cuando nuestros antecesores la conciben como negocio.<\/h4>\n\t<\/div> \n\t<div class=\"title-subtitle-box  vc_custom_1669936081266\" style=\" padding: 90px 0 0 0px; text-align: center;\">\n\t\t<h4 style=\" color:#ededed;  font-style: normal;\">La gran riqueza de nuestra bodega es el legado de nuestros antepasados: la tierra y los clones m\u00e1s id\u00f3neos, cuya selecci\u00f3n ellos realizaron con el paso del tiempo.<\/h4>\n\t<\/div> [\/vc_column][vc_column width=\u00bb1\/2&#8243; css_animation=\u00bb\u00bb][vc_empty_space height=\u00bb180&#8243;]\n\t<div class=\"title-subtitle-box  vc_custom_1669936120510\" style=\" padding: 90px 90px 0 0px; text-align: center;\">\n\t\t<h1 style=\" color:#ededed;  font-style: bold;\">Nuestra historia<\/h1>\n\t<\/div> [\/vc_column][\/vc_row][vc_row full_width=\u00bbstretch_row\u00bb css_animation=\u00bb\u00bb css=\u00bb.vc_custom_1669909256423{background-color: #f7cc6f !important;}\u00bb][vc_column css_animation=\u00bb\u00bb]\n\t<div class=\"title-subtitle-box  vc_custom_1669938344821\" style=\" margin-bottom:90px; text-align: left;\">\n\t\t<p  style=\"\">Vi\u00f1edos y Bodegas Pablo<\/p>\n\t\t<h1 style=\" font-style: normal;\">Nuestra historia<\/h1>\n\t<\/div> <section id=\"cd-timeline\" class=\"cd-container horizontal\">\n\t<div class=\"cd-timeline-block\">\n\t\t<div class=\"cd-timeline-img cd-picture kd-animated \">\n\t\t<img decoding=\"async\" src=\"https:\/\/www.granviu.com\/main\/wp-content\/themes\/villenoir\/images\/cd-icon-location.svg\" alt=\"Location\">\n\t\t<\/div>\n\t\t<div class=\"cd-timeline-content kd-animated \">\n\t\t <img decoding=\"async\" class=\"wp-post-image \" src=\"https:\/\/www.granviu.com\/main\/wp-content\/uploads\/2022\/12\/granviu-historia-siglo-xviii-grande.jpg\" alt=\"\" \/> \n\t\t<div class=\"cd-timeline-content-wrapper\">\n\t\t<p class=\"cd-title\">SIGLO XVIII<\/p>\n\t\t<p>El fundador, Antonio Hern\u00e1ndez, inici\u00f3 la elaboraci\u00f3n de sus uvas y cre\u00f3, excavando a mano, la bodega subterr\u00e1nea que supuso la g\u00e9nesis de la actual. En aquellas cuevas, que todav\u00eda existen hoy pero no dedicadas al que fue su uso durante mucho tiempo, instal\u00f3 grandes cubas de madera con una capacidad de entre 5.000 y 6.000 litros. Tales eran sus dimensiones que las cubas tuvieron que ser construidas en el interior.<\/p>\n\t\t<h4 class=\"cd-date\">XVIII<\/h4>\n\t\t<\/div>\n\t\t<\/div>\n\t<\/div>\n\t<div class=\"cd-timeline-block\">\n\t\t<div class=\"cd-timeline-img cd-picture kd-animated \">\n\t\t<img decoding=\"async\" src=\"https:\/\/www.granviu.com\/main\/wp-content\/themes\/villenoir\/images\/cd-icon-location.svg\" alt=\"Location\">\n\t\t<\/div>\n\t\t<div class=\"cd-timeline-content kd-animated \">\n\t\t <img decoding=\"async\" class=\"wp-post-image \" src=\"https:\/\/www.granviu.com\/main\/wp-content\/uploads\/2022\/12\/granviu-historia-siglo-xix-grande-1.jpg\" alt=\"\" \/> \n\t\t<div class=\"cd-timeline-content-wrapper\">\n\t\t<p class=\"cd-title\">SIGLO XIX<\/p>\n\t\t<p>El origen de la bodega se remonta al siglo XVIII. Aunque la tradici\u00f3n vitivin\u00edcola es anterior, es en 1760 cuando nuestros antecesores la conciben como negocio.<\/p>\n<p>La gran riqueza de nuestra bodega es el legado de nuestros antepasados: la tierra y los clones m\u00e1s id\u00f3neos, cuya selecci\u00f3n ellos realizaron con el paso del tiempo.<\/p>\n\t\t<h4 class=\"cd-date\">XIX<\/h4>\n\t\t<\/div>\n\t\t<\/div>\n\t<\/div>\n\t<div class=\"cd-timeline-block\">\n\t\t<div class=\"cd-timeline-img cd-picture kd-animated \">\n\t\t<img decoding=\"async\" src=\"https:\/\/www.granviu.com\/main\/wp-content\/themes\/villenoir\/images\/cd-icon-location.svg\" alt=\"Location\">\n\t\t<\/div>\n\t\t<div class=\"cd-timeline-content kd-animated \">\n\t\t <img decoding=\"async\" class=\"wp-post-image \" src=\"https:\/\/www.granviu.com\/main\/wp-content\/uploads\/2022\/12\/granviu-historia-siglo-xx-grande.jpg\" alt=\"\" \/> \n\t\t<div class=\"cd-timeline-content-wrapper\">\n\t\t<p class=\"cd-title\">SIGLO XX<\/p>\n\t\t<p>SIGLO XVIII<br \/>\nSIGLO XIX<br \/>\nSIGLO XX<br \/>\nSIGLO XXI<br \/>\nLos actuales responsables de la bodega, Jos\u00e9 Pablo Casao y sus hermanas, construyen la definitiva sobre otra de 1940 adquirida en 1995, a la que incorporan las \u00faltimas tecnolog\u00edas. El objetivo es transmitir en sus vinos las particularidades de cada una de las variedades, de cada uno de los diversos terrenos y del particular microclima.<\/p>\n\t\t<h4 class=\"cd-date\">XX<\/h4>\n\t\t<\/div>\n\t\t<\/div>\n\t<\/div>\n\t<div class=\"cd-timeline-block\">\n\t\t<div class=\"cd-timeline-img cd-picture kd-animated \">\n\t\t<img decoding=\"async\" src=\"https:\/\/www.granviu.com\/main\/wp-content\/themes\/villenoir\/images\/cd-icon-location.svg\" alt=\"Location\">\n\t\t<\/div>\n\t\t<div class=\"cd-timeline-content kd-animated \">\n\t\t <img decoding=\"async\" class=\"wp-post-image \" src=\"https:\/\/www.granviu.com\/main\/wp-content\/uploads\/2022\/12\/granviu-historia-siglo-xxi-grande.jpg\" alt=\"\" \/> \n\t\t<div class=\"cd-timeline-content-wrapper\">\n\t\t<p class=\"cd-title\">SIGLO XXI<\/p>\n\t\t<p>Los actuales responsables de la bodega, Jos\u00e9 Pablo Casao y sus hermanas, construyen la definitiva sobre otra de 1940 adquirida en 1995, a la que incorporan las \u00faltimas tecnolog\u00edas. El objetivo es transmitir en sus vinos las particularidades de cada una de las variedades, de cada uno de los diversos terrenos y del particular microclima.<\/p>\n\t\t<h4 class=\"cd-date\">XXI<\/h4>\n\t\t<\/div>\n\t\t<\/div>\n\t<\/div><\/section>[\/vc_column][\/vc_row]<\/p>\n","protected":false},"excerpt":{"rendered":"<p>[vc_row full_width=\u00bbstretch_row\u00bb css_animation=\u00bb\u00bb css=\u00bb.vc_custom_1669909276519{padding-top: 120px !important;background: #e5b650 url(https:\/\/okthemes.com\/villenoirdarkdemo\/wp-content\/uploads\/2021\/11\/our-story-back-image-dark-v2.jpg?id=2480) !important;background-position: center !important;background-repeat: no-repeat !important;background-size: cover !important;}\u00bb el_class=\u00bbgg-force-background-bottom\u00bb][vc_column width=\u00bb1\/2&#8243; css_animation=\u00bb\u00bb][\/vc_column][vc_column width=\u00bb1\/2&#8243; css_animation=\u00bb\u00bb][vc_empty_space height=\u00bb180&#8243;][\/vc_column][\/vc_row][vc_row full_width=\u00bbstretch_row\u00bb css_animation=\u00bb\u00bb css=\u00bb.vc_custom_1669909256423{background-color: #f7cc6f !important;}\u00bb][vc_column css_animation=\u00bb\u00bb][\/vc_column][\/vc_row]<\/p>\n","protected":false},"author":1,"featured_media":0,"parent":0,"menu_order":0,"comment_status":"closed","ping_status":"closed","template":"","meta":{"_mi_skip_tracking":false,"footnotes":""},"class_list":["post-341","page","type-page","status-publish","hentry"],"acf":[],"_links":{"self":[{"href":"https:\/\/www.granviu.com\/main\/wp-json\/wp\/v2\/pages\/341","targetHints":{"allow":["GET"]}}],"collection":[{"href":"https:\/\/www.granviu.com\/main\/wp-json\/wp\/v2\/pages"}],"about":[{"href":"https:\/\/www.granviu.com\/main\/wp-json\/wp\/v2\/types\/page"}],"author":[{"embeddable":true,"href":"https:\/\/www.granviu.com\/main\/wp-json\/wp\/v2\/users\/1"}],"replies":[{"embeddable":true,"href":"https:\/\/www.granviu.com\/main\/wp-json\/wp\/v2\/comments?post=341"}],"version-history":[{"count":9,"href":"https:\/\/www.granviu.com\/main\/wp-json\/wp\/v2\/pages\/341\/revisions"}],"predecessor-version":[{"id":3032,"href":"https:\/\/www.granviu.com\/main\/wp-json\/wp\/v2\/pages\/341\/revisions\/3032"}],"wp:attachment":[{"href":"https:\/\/www.granviu.com\/main\/wp-json\/wp\/v2\/media?parent=341"}],"curies":[{"name":"wp","href":"https:\/\/api.w.org\/{rel}","templated":true}]}}